{"id":238,"date":"2017-06-01T07:24:30","date_gmt":"2017-06-01T07:24:30","guid":{"rendered":"http:\/\/teknohanke.fi\/?page_id=238"},"modified":"2018-05-12T04:50:41","modified_gmt":"2018-05-12T04:50:41","slug":"virtuaalialusta","status":"publish","type":"page","link":"https:\/\/teknohanke.fi\/index.php\/virtuaalialusta\/","title":{"rendered":"Virtuaalialusta"},"content":{"rendered":"<p><img loading=\"lazy\" decoding=\"async\" class=\"alignnone size-full wp-image-252\" src=\"http:\/\/teknohanke.fi\/wp-content\/uploads\/2017\/06\/laptop_pic.jpg\" alt=\"\" width=\"1078\" height=\"582\" srcset=\"https:\/\/teknohanke.fi\/wp-content\/uploads\/2017\/06\/laptop_pic.jpg 1078w, https:\/\/teknohanke.fi\/wp-content\/uploads\/2017\/06\/laptop_pic-300x162.jpg 300w, https:\/\/teknohanke.fi\/wp-content\/uploads\/2017\/06\/laptop_pic-768x415.jpg 768w, https:\/\/teknohanke.fi\/wp-content\/uploads\/2017\/06\/laptop_pic-1024x553.jpg 1024w, https:\/\/teknohanke.fi\/wp-content\/uploads\/2017\/06\/laptop_pic-410x221.jpg 410w, https:\/\/teknohanke.fi\/wp-content\/uploads\/2017\/06\/laptop_pic-100x54.jpg 100w, https:\/\/teknohanke.fi\/wp-content\/uploads\/2017\/06\/laptop_pic-275x148.jpg 275w\" sizes=\"auto, (max-width: 1078px) 100vw, 1078px\" \/><\/p>\n<p>Virtuaalialusta on rakenteilla<\/p>\n<p>TEKNO \u2013 Terveys- ja hyvinvointiteknologiaosaaminen sujuvaksi \u2013hankkeessa rakennetaan virtuaalinen toimintaymp\u00e4rist\u00f6 hyvinvointiteknologian k\u00e4yt\u00f6n opastukseen ja tiedonjakoon. Tavoitteena on koota tietokantaan mahdollisuuksien mukaan suurin osa Uudellamaalla toimivista hyvinvointi- ja terveysteknologiayrityksist\u00e4 sek\u00e4 heid\u00e4n tuotekuvauksensa, keskittyen erityisesti kotona selviytymist\u00e4 tukevaan teknologiaan. Tuotekuvausten lis\u00e4ksi toimintaymp\u00e4rist\u00f6\u00f6n kootaan eri kohderyhmille kohdennettua k\u00e4ytt\u00e4j\u00e4l\u00e4ht\u00f6ist\u00e4 tietoa ja palvelu- ja laitetarjonnasta, sek\u00e4 niiden k\u00e4ytt\u00f6opastusta havainnollisesti. Tietokanta toimii pedagogisena ymp\u00e4rist\u00f6n\u00e4 sek\u00e4 sosiaali- ja terveysalan ty\u00f6ntekij\u00f6ille, opiskelijoille ett\u00e4 loppuk\u00e4ytt\u00e4jille, ts. fiksuille kansalaisille.<\/p>\n<p>Siirry virtuaalialustan sivuille <a href=\"http:\/\/virtuaalialusta.teknohanke.fi\" target=\"_blank\" rel=\"noopener\">t\u00e4st\u00e4<\/a>.<\/p>\n","protected":false},"excerpt":{"rendered":"<p>Virtuaalialusta on rakenteilla TEKNO \u2013 Terveys- ja hyvinvointiteknologiaosaaminen sujuvaksi \u2013hankkeessa rakennetaan virtuaalinen toimintaymp\u00e4rist\u00f6 hyvinvointiteknologian k\u00e4yt\u00f6n opastukseen ja tiedonjakoon. Tavoitteena on koota tietokantaan mahdollisuuksien mukaan suurin osa Uudellamaalla toimivista hyvinvointi- ja terveysteknologiayrityksist\u00e4 sek\u00e4 heid\u00e4n tuotekuvauksensa, keskittyen erityisesti kotona selviytymist\u00e4 tukevaan teknologiaan. Tuotekuvausten lis\u00e4ksi toimintaymp\u00e4rist\u00f6\u00f6n kootaan eri kohderyhmille kohdennettua k\u00e4ytt\u00e4j\u00e4l\u00e4ht\u00f6ist\u00e4 tietoa ja palvelu- ja laitetarjonnasta, sek\u00e4 niiden [&hellip;]<\/p>\n","protected":false},"author":1024,"featured_media":0,"parent":0,"menu_order":0,"comment_status":"closed","ping_status":"closed","template":"page-templates\/page_fullwidth.php","meta":{"_exactmetrics_skip_tracking":false,"_exactmetrics_sitenote_active":false,"_exactmetrics_sitenote_note":"","_exactmetrics_sitenote_category":0,"footnotes":""},"class_list":["post-238","page","type-page","status-publish","hentry"],"_links":{"self":[{"href":"https:\/\/teknohanke.fi\/index.php\/wp-json\/wp\/v2\/pages\/238","targetHints":{"allow":["GET"]}}],"collection":[{"href":"https:\/\/teknohanke.fi\/index.php\/wp-json\/wp\/v2\/pages"}],"about":[{"href":"https:\/\/teknohanke.fi\/index.php\/wp-json\/wp\/v2\/types\/page"}],"author":[{"embeddable":true,"href":"https:\/\/teknohanke.fi\/index.php\/wp-json\/wp\/v2\/users\/1024"}],"replies":[{"embeddable":true,"href":"https:\/\/teknohanke.fi\/index.php\/wp-json\/wp\/v2\/comments?post=238"}],"version-history":[{"count":5,"href":"https:\/\/teknohanke.fi\/index.php\/wp-json\/wp\/v2\/pages\/238\/revisions"}],"predecessor-version":[{"id":324,"href":"https:\/\/teknohanke.fi\/index.php\/wp-json\/wp\/v2\/pages\/238\/revisions\/324"}],"wp:attachment":[{"href":"https:\/\/teknohanke.fi\/index.php\/wp-json\/wp\/v2\/media?parent=238"}],"curies":[{"name":"wp","href":"https:\/\/api.w.org\/{rel}","templated":true}]}}