{"id":418,"date":"2018-07-10T06:57:16","date_gmt":"2018-07-10T06:57:16","guid":{"rendered":"http:\/\/teknohanke.fi\/?page_id=418"},"modified":"2019-01-08T14:15:27","modified_gmt":"2019-01-08T14:15:27","slug":"koulutukset","status":"publish","type":"page","link":"https:\/\/teknohanke.fi\/index.php\/koulutukset\/","title":{"rendered":"Koulutukset"},"content":{"rendered":"<h3>P\u00e4\u00e4t\u00f6sseminaari<\/h3>\n<hr \/>\n<p>Osallistu TEKNO-hankkeen <a href=\"http:\/\/teknohanke.fi\/wp-content\/uploads\/2019\/01\/TEKNO_p\u00e4\u00e4t\u00f6sseminaari_31012019.pdf\" target=\"_blank\">p\u00e4\u00e4t\u00f6sseminaariin<\/a> Maria 01 -startupkeskuksessa 31.1.2019.\u00a0<a href=\"https:\/\/elomake.laurea.fi\/lomakkeet\/16379\/lomake.html\" target=\"_blank\">Ilmoittaudu mukaan t\u00e4st\u00e4!<\/a><\/p>\n<p>&nbsp;<\/p>\n<h3>Tulevat koulutukset<\/h3>\n<hr \/>\n<p>Koulutukset ovat p\u00e4\u00e4ttyneet hankekauden osalta. Laurea-ammattikorkeakoulu jatkaa Teknologiapassi-koulutuksen jatkokehitt\u00e4mist\u00e4 ja tulevia koulutuksia!<\/p>\n<p><img loading=\"lazy\" decoding=\"async\" class=\"alignnone size-large wp-image-497\" src=\"http:\/\/teknohanke.fi\/wp-content\/uploads\/2018\/07\/tekno-koulutukset-1024x673.png\" alt=\"\" width=\"1024\" height=\"673\" srcset=\"https:\/\/teknohanke.fi\/wp-content\/uploads\/2018\/07\/tekno-koulutukset-1024x673.png 1024w, https:\/\/teknohanke.fi\/wp-content\/uploads\/2018\/07\/tekno-koulutukset-300x197.png 300w, https:\/\/teknohanke.fi\/wp-content\/uploads\/2018\/07\/tekno-koulutukset-768x505.png 768w, https:\/\/teknohanke.fi\/wp-content\/uploads\/2018\/07\/tekno-koulutukset-410x270.png 410w, https:\/\/teknohanke.fi\/wp-content\/uploads\/2018\/07\/tekno-koulutukset-100x66.png 100w, https:\/\/teknohanke.fi\/wp-content\/uploads\/2018\/07\/tekno-koulutukset-275x181.png 275w, https:\/\/teknohanke.fi\/wp-content\/uploads\/2018\/07\/tekno-koulutukset.png 1200w\" sizes=\"auto, (max-width: 1024px) 100vw, 1024px\" \/><\/p>\n<p>&nbsp;<\/p>\n<blockquote><p><em>\u201cSain uusia n\u00e4kemyksi\u00e4 ja tietoa erityisesti hyvinvointialan ammattilaisten n\u00e4k\u00f6kulmasta. Sain hyv\u00e4n perusk\u00e4sityksen siit\u00e4, mit\u00e4 eHealth ja hyvinvointiteknologia on kent\u00e4ll\u00e4. Usein kuulee enemm\u00e4n visioita ja hypetyst\u00e4 ja oli t\u00e4rke\u00e4\u00e4 n\u00e4hd\u00e4 mill\u00e4 tasolla menn\u00e4\u00e4n k\u00e4yt\u00e4nn\u00f6ss\u00e4.\u201d<\/em><\/p><\/blockquote>\n<blockquote><p><em>\u201dKurssin sis\u00e4lt\u00f6 vastasi eritt\u00e4in hyvin odotuksiini. Koen oppineeni hyvin toimintakyvyn osa-alueet sek\u00e4 s\u00e4hk\u00f6iset terveyspalvelut sek\u00e4 mit\u00e4 tulevaisuudessa on k\u00e4yt\u00f6ss\u00e4.\u201d<\/em><\/p><\/blockquote>\n<hr \/>\n<h5>Menneet koulutukset<\/h5>\n<p><a href=\"http:\/\/teknohanke.fi\/wp-content\/uploads\/2018\/08\/Verkkokoulutus_S18_esite.pdf\" target=\"_blank\" rel=\"noopener\">Terveysteknologia tutuksi \u2013verkkokoulutus 2018<\/a><\/p>\n<p><a href=\"http:\/\/teknohanke.fi\/wp-content\/uploads\/2017\/05\/TerveysteknologiaTutuksi_mainos.pdf\">Terveysteknologia tutuksi \u2013verkkokoulutus 2017<\/a><\/p>\n<p><a href=\"http:\/\/teknohanke.fi\/index.php\/terveys-ja-hyvinvointiteknologiat-ovat-tulleet-jaadakseen-oletko-valmis-7-11-2017\/\">Terveys- ja hyvinvointiteknologiat ovat tulleet j\u00e4\u00e4d\u00e4kseen \u2013 Oletko valmis? 7.11.2017<\/a><\/p>\n","protected":false},"excerpt":{"rendered":"<p>P\u00e4\u00e4t\u00f6sseminaari Osallistu TEKNO-hankkeen p\u00e4\u00e4t\u00f6sseminaariin Maria 01 -startupkeskuksessa 31.1.2019.\u00a0Ilmoittaudu mukaan t\u00e4st\u00e4! &nbsp; Tulevat koulutukset Koulutukset ovat p\u00e4\u00e4ttyneet hankekauden osalta. Laurea-ammattikorkeakoulu jatkaa Teknologiapassi-koulutuksen jatkokehitt\u00e4mist\u00e4 ja tulevia koulutuksia! &nbsp; \u201cSain uusia n\u00e4kemyksi\u00e4 ja tietoa erityisesti hyvinvointialan ammattilaisten n\u00e4k\u00f6kulmasta. Sain hyv\u00e4n perusk\u00e4sityksen siit\u00e4, mit\u00e4 eHealth ja hyvinvointiteknologia on kent\u00e4ll\u00e4. Usein kuulee enemm\u00e4n visioita ja hypetyst\u00e4 ja oli t\u00e4rke\u00e4\u00e4 n\u00e4hd\u00e4 [&hellip;]<\/p>\n","protected":false},"author":1024,"featured_media":0,"parent":0,"menu_order":0,"comment_status":"closed","ping_status":"closed","template":"","meta":{"_exactmetrics_skip_tracking":false,"_exactmetrics_sitenote_active":false,"_exactmetrics_sitenote_note":"","_exactmetrics_sitenote_category":0,"footnotes":""},"class_list":["post-418","page","type-page","status-publish","hentry"],"_links":{"self":[{"href":"https:\/\/teknohanke.fi\/index.php\/wp-json\/wp\/v2\/pages\/418","targetHints":{"allow":["GET"]}}],"collection":[{"href":"https:\/\/teknohanke.fi\/index.php\/wp-json\/wp\/v2\/pages"}],"about":[{"href":"https:\/\/teknohanke.fi\/index.php\/wp-json\/wp\/v2\/types\/page"}],"author":[{"embeddable":true,"href":"https:\/\/teknohanke.fi\/index.php\/wp-json\/wp\/v2\/users\/1024"}],"replies":[{"embeddable":true,"href":"https:\/\/teknohanke.fi\/index.php\/wp-json\/wp\/v2\/comments?post=418"}],"version-history":[{"count":16,"href":"https:\/\/teknohanke.fi\/index.php\/wp-json\/wp\/v2\/pages\/418\/revisions"}],"predecessor-version":[{"id":509,"href":"https:\/\/teknohanke.fi\/index.php\/wp-json\/wp\/v2\/pages\/418\/revisions\/509"}],"wp:attachment":[{"href":"https:\/\/teknohanke.fi\/index.php\/wp-json\/wp\/v2\/media?parent=418"}],"curies":[{"name":"wp","href":"https:\/\/api.w.org\/{rel}","templated":true}]}}